se 5*j + 37 = 2*x, 0 = -0*x + 5*x - 2*j - k. What is the highest common divisor of x and 14?
7
Let x be ((-2)/(0 + -2))/(-1). Let n(t) = -39*t**2 + t. Let i be n(x). Let o be 144/10*i/(-6). What is the highest common factor of 12 and o?
12
Let l be 141/5 - (-2)/(-10). Calculate the highest common divisor of 196 and l.
28
Let o(p) = 31*p**2 + p + 1. Let s be o(-1). Suppose -6*v - 2 = -260. Let u = v - s. Calculate the highest common divisor of u and 84.
12
Let w be 1/((-4)/(-24)) - 3. Calculate the greatest common factor of 24 and w.
3
Suppose 2*f = -3*f + 15. Suppose 0 = -f*y + 19 + 2. Calculate the greatest common divisor of 35 and y.
7
Let h be ((-102)/85)/((-1)/10). What is the greatest common factor of 12 and h?
12
Let j be 122/10 - (-4)/(-20). What is the greatest common divisor of 12 and j?
12
Let u(l) = l**3 - 2*l + 0*l + 9*l**2 - 1 + 5*l. Let x be u(-7). Let f be (-110)/(-5) + -2 + -1. What is the greatest common divisor of f and x?
19
Suppose 5*x - 15 = -0*x. Let a be (-12 - 0)*(-4)/x. Calculate the highest common divisor of a and 4.
4
Suppose -141 = -5*k + 54. Suppose -4*g - m + 182 = 0, 2*g = 4*m + k + 43. What is the greatest common factor of g and 5?
5
Let p = 281 - 201. Calculate the highest common factor of p and 120.
40
Let a be 132/48 - (-2)/8. What is the highest common divisor of a and 3?
3
Let a(i) = i**2 - 2*i. Let g be a(4). Suppose c + g = 3*c. Suppose -4*s - w + 27 + 2 = 0, s = c*w - 14. Calculate the greatest common factor of 66 and s.
6
Suppose -19 - 45 = -2*a. What is the greatest common divisor of 8 and a?
8
Suppose -2*o = -2*i + 212, 6*o - o + 206 = 2*i. Let l = 1 + 5. Let t = l - -6. Calculate the greatest common factor of t and i.
12
Let u(v) = v**3 - 7*v**2 + 2*v + 8. Let l be u(7). What is the highest common factor of 176 and l?
22
Let f(m) = m**3 - 11*m**2 - 8*m - 6. Let u be f(12). Suppose u = 2*q + q. Calculate the greatest common factor of q and 98.
14
Let h be (-3)/(-2) + 954/4. Calculate the greatest common factor of 24 and h.
24
Let j be (-1)/((-5 + 4)/(5 + -3)). Let a be 2/4 + 23/(-2). Let p = a + 27. Calculate the highest common factor of j and p.
2
Let o be (-3)/42*4 - (-1465)/7. Let p = -12 + 31. What is the greatest common divisor of o and p?
19
Let q(d) be the second derivative of d**4/3 + 5*d**3/6 + 5*d**2/2 + 6*d. Let v be q(-4). What is the greatest common divisor of v and 7?
7
Let l = -14 - -34. What is the highest common divisor of l and 70?
10
Suppose 3*g - 5*g + u = -8, 3*g - 12 = u. Suppose 14 = 3*r - g. Calculate the greatest common factor of r and 15.
3
Suppose -2*a = 3*z - 142, 4*z - a - 241 = -z. Calculate the highest common divisor of 6 and z.
6
Let n(j) = 6*j + 5. Let d be n(-2). Let r be (-131)/d - 16/(-56). Calculate the highest common divisor of 152 and r.
19
Let b be (-6)/(-15) + (-68)/(-5). Let a(h) = -3*h**3 - 4*h**2 + 3*h - 4. Let f be a(-4). Calculate the highest common divisor of f and b.
14
Let f = -5 + 3. Let x be ((-5)/(-2))/(f/(-32)). What is the highest common divisor of x and 8?
8
Let h be (2 + -1)*1 - -1. Suppose h*o = 7*o - 10. Suppose -o*a + 24 = -0*a. What is the highest common divisor of a and 12?
12
Let l = 5 + -9. Let z be (-41)/l - (-3)/(-12). Let r(b) = -b**3 + 8*b**2 + b + 2. Let k be r(8). Calculate the greatest common factor of k and z.
10
Suppose -2*x = 3*b + 2, 0*x + 5*b = -x - 15. Suppose -x*s = -3*s + 14. Let j = -3 - s. Calculate the highest common factor of j and 36.
4
Suppose 7*j + 27 = 8*j. What is the highest common divisor of 9 and j?
9
Let r(d) = -d - 2. Let o be r(-4). Calculate the highest common divisor of 3 and o.
1
Let p be (1/(-2))/((-2)/16). Suppose 5*w = 3*w - 18. Let v = w + 19. What is the greatest common divisor of p and v?
2
Let j(x) = -x + 1. Let c be j(-6). Let y be 1576/28 - 2/c. What is the highest common factor of 14 and y?
14
Let t(o) = 13*o + 1. Suppose -6*y + 2 + 4 = 0. Let n be t(y). What is the highest common factor of n and 21?
7
Suppose 0 = 2*h - h - 5*t - 124, 3*h + 4*t - 277 = 0. Calculate the highest common factor of 9 and h.
9
Let g(n) = 5*n**2 - 3*n + 12. Let p be g(4). Let u = -7 - -17. What is the greatest common divisor of u and p?
10
Let x = 202 - 85. Let d be (16/(-3))/((-6)/x). What is the greatest common factor of 13 and d?
13
Let k be (-4 - -3)/(1/3). Let j be 13 - k*(-4)/6. Suppose -4*s = -29 - j. What is the highest common divisor of s and 40?
10
Suppose m - 315 = -4*m. Suppose 42 = -i + 3*i. What is the highest common factor of m and i?
21
Suppose -b + 0*b = -3. Let n be 215/b - (-5)/15. What is the greatest common factor of n and 36?
36
Let w(x) = x**3 - 5*x**2 + 2*x - 2. Let f be w(2). Let n(l) = -l**2 - 12*l - 9. Let a be n(f). What is the highest common divisor of a and 99?
11
Let n(i) = 2*i - 8. Let j be n(10). Suppose -p = 2*z - 4, -4*p - 4*z - j + 36 = 0. Calculate the highest common factor of 2 and p.
2
Suppose 5*w + 48 = 8*w. Calculate the highest common divisor of 8 and w.
8
Let y(j) = j**2 - 3. Let v be y(-5). Calculate the highest common divisor of 154 and v.
22
Let v(o) = 2*o**2 - 8*o - 24. Let t be v(9). What is the highest common factor of t and 6?
6
Let i(z) = z + 17. Let x be i(-7). What is the highest common factor of 70 and x?
10
Let p be 2/8 - 474/(-24). What is the highest common divisor of 10 and p?
10
Suppose 595 = 3*k - 5*w + w, -5*k + 973 = -2*w. Let v = -12 + -53. Let i = v + k. Calculate the greatest common divisor of 16 and i.
16
Let j(n) = n**2 - 4*n + 3. Let t be j(7). Let k(q) = -2*q - 4. Let y be k(-5). What is the greatest common divisor of t and y?
6
Let d = -6 + -23. Let g = d + 53. What is the highest common factor of g and 12?
12
Suppose -5*a + 6*a - 11 = 0. What is the greatest common divisor of 44 and a?
11
Let l(r) = -r**2 - 9*r + 11. Let c be l(-10). Let t(u) = -u**3 + 4*u**2 - 2. Let k be t(3). Calculate the highest common factor of c and k.
1
Let x(m) = 3*m**2 - 5*m**2 + 8*m**2 + 5*m**2 + 4. Let d be x(-4). Suppose -5*i + 0*i + d = 0. Calculate the greatest common factor of 18 and i.
18
Suppose -3*o - 3 = -l + 5, 5*l = -5*o. What is the greatest common factor of l and 8?
2
Let x be -1 + (-205 - -2) - -1. Let z be 1/(-2) - 2684/(-8). Let c = z + x. Calculate the greatest common divisor of c and 12.
12
Let x = 15 + -1. Let d = -4 + x. What is the highest common divisor of d and 4?
2
Let f be 76/19 + (2 - 0). Suppose f*v = 538 + 914. What is the greatest common divisor of v and 22?
22
Let b = -189 + 285. Suppose 17 = k - z + 1, -2*k + 3*z + 36 = 0. Calculate the greatest common divisor of b and k.
12
Suppose -c - 2640 = -13*c. Calculate the highest common divisor of c and 20.
20
Let x = 80 - 44. Suppose -3*y + x = y. Calculate the highest common divisor of 99 and y.
9
Let q(w) = 2*w**2 - w + 126. Let g be q(0). Calculate the highest common divisor of g and 9.
9
Suppose 0 = -y - 5*b - 33, 2*y + 21 = -4*b + 3*b. Let s be (-618)/y + (-4)/16. Let q = 26 - 15. What is the highest common factor of q and s?
11
Let u(x) = x**2 - 5*x + 1. Let k be u(7). Calculate the highest common factor of k and 120.
15
Suppose 0*f + h - 2 = -3*f, 4*h = f - 5. Let v(m) = 10*m**3 + m**2 - m. Let j be v(f). Calculate the greatest common divisor of j and 20.
10
Suppose -1 = -2*g + k, 0*k - 3*k = -3. What is the highest common factor of 8 and g?
1
Let r(q) = -2*q - 7. Let y be r(-8). What is the greatest common divisor of 81 and y?
9
Let i(y) = 16*y**2 + y - 2. Let o be (2 - 3)/(2/(-2)). Let p be i(o). What is the greatest common divisor of p and 75?
15
Let i(h) = 4*h**2 + 1. Let d be i(1). Suppose -2*p + 11 = -d. What is the highest common divisor of p and 72?
8
Let w = -5 + 8. Let r be (-3)/12 + (-75)/(-12). Let d = 33 - r. Calculate the highest common divisor of d and w.
3
Suppose -150 = -4*f + 150. Let r = -40 + 63. Suppose -2*t = -r - 7. Calculate the greatest common factor of f and t.
15
Suppose -408 = -3*c - z, c - 264 = -c + 2*z. Calculate the greatest common factor of c and 15.
15
Let s = -18 + 26. Calculate the greatest common factor of 56 and s.
8
Suppose 5*n - 5*f = 465, 0*n = 3*n + 2*f - 269. Let q = 1 - -1. Suppose -52 = -2*l - q*l. What is the greatest common divisor of n and l?
13
Let i be (19 - (-1 + 2))*4. Suppose -41*w + 32 = -37*w. What is the greatest common divisor of w